
200
Calculate the highest common divisor of 231 and 278201.
77
What is the greatest common divisor of 2079 and 16511?
11
What is the highest common factor of 716 and 754664?
716
What is the highest common factor of 5616 and 7668?
108
What is the greatest common divisor of 3531551 and 31?
31
Calculate the greatest common factor of 630 and 1129030.
70
Calculate the highest common factor of 23018 and 102.
34
Calculate the greatest common factor of 494193 and 3030.
303
What is the highest common factor of 132 and 3861?
33
Calculate the highest common factor of 6852 and 1754683.
571
What is the greatest common factor of 362525 and 275?
25
Calculate the greatest common factor of 69 and 322506.
69
What is the highest common divisor of 4203915 and 178?
89
Calculate the greatest common factor of 510 and 62670.
30
What is the greatest common factor of 76190 and 152?
38
Calculate the greatest common factor of 395 and 53.
1
Calculate the greatest common divisor of 1182555 and 495.
495
Calculate the greatest common factor of 784 and 66416.
112
Calculate the greatest common factor of 315768 and 31624.
472
Calculate the highest common divisor of 85728 and 288.
96
Calculate the highest common factor of 765 and 379695.
255
Calculate the highest common divisor of 98 and 626.
2
Calculate the highest common divisor of 3950 and 2054.
158
Calculate the highest common factor of 553 and 12877.
79
Calculate the greatest common factor of 126 and 33246.
18
Calculate the highest common divisor of 1470 and 2400.
30
Calculate the highest common divisor of 4440 and 69696.
24
What is the highest common divisor of 2900 and 109852?
116
Calculate the greatest common divisor of 20925 and 513.
27
Calculate the greatest common divisor of 54 and 22675.
1
What is the greatest common factor of 146 and 2662?
2
What is the highest common factor of 73 and 87308?
73
Calculate the highest common divisor of 417 and 7.
1
What is the greatest common factor of 2484 and 25047?
207
Calculate the greatest common factor of 57 and 7358111.
19
Calculate the highest common divisor of 3016416 and 6.
6
Calculate the greatest common factor of 369 and 35711.
41
Calculate the greatest common divisor of 30 and 64230.
30
Calculate the greatest common factor of 209 and 7337.
11
What is the greatest common factor of 246 and 2274?
6
What is the greatest common factor of 3447634 and 1054?
1054
Calculate the highest common divisor of 8245 and 425.
85
Calculate the greatest common factor of 609590 and 470.
470
Calculate the greatest common divisor of 777 and 18951030.
777
What is the highest common factor of 5917 and 18042?
97
Calculate the greatest common divisor of 14787 and 197955.
477
What is the greatest common divisor of 713607 and 237?
237
What is the greatest common divisor of 198736 and 80?
16
Calculate the highest common divisor of 4140 and 506.
46
What is the highest common factor of 3800 and 792775?
475
Calculate the highest common factor of 144873 and 9.
9
What is the highest common factor of 9334 and 4784?
26
Calculate the highest common factor of 307 and 124.
1
What is the highest common factor of 308 and 33432?
28
What is the greatest common factor of 18 and 2012391?
9
Calculate the greatest common divisor of 2472119 and 397.
397
Calculate the greatest common factor of 427257 and 2610.
261
Calculate the highest common divisor of 100360 and 11960.
520
Calculate the greatest common divisor of 6698075 and 50.
25
Calculate the greatest common factor of 410 and 15710.
10
Calculate the highest common divisor of 1541 and 4087.
67
Calculate the highest common divisor of 52572 and 199504.
1348
What is the highest common factor of 63 and 1152?
9
Calculate the greatest common factor of 2743 and 351.
13
Calculate the greatest common divisor of 9715 and 20.
5
What is the greatest common divisor of 16724 and 16?
4
Calculate the greatest common divisor of 72 and 85896.
72
What is the highest common divisor of 8174 and 1830?
122
Calculate the highest common divisor of 3176 and 8.
8
Calculate the highest common factor of 704 and 726.
22
What is the greatest common divisor of 931 and 665?
133
What is the highest common divisor of 53901 and 1802?
53
Calculate the highest common divisor of 2387 and 41261.
341
Calculate the greatest common divisor of 16 and 362744.
8
What is the greatest common factor of 6 and 19910?
2
Calculate the greatest common factor of 10494 and 12349.
53
Calculate the greatest common divisor of 144384 and 1974.
282
Calculate the greatest common divisor of 192 and 785888.
32
Calculate the highest common factor of 38 and 340138.
38
What is the highest common divisor of 18015 and 155?
5
Calculate the greatest common factor of 8888 and 33.
11
Calculate the greatest common factor of 925974 and 84.
42
What is the highest common factor of 2 and 3123146?
2
What is the highest common divisor of 9713184 and 13?
13
What is the greatest common factor of 105178 and 86?
86
Calculate the greatest common factor of 4427 and 5359.
233
Calculate the greatest common divisor of 660 and 2850980.
220
What is the highest common factor of 428 and 404246?
214
Calculate the highest common factor of 193936 and 4464.
496
What is the greatest common divisor of 1194 and 1931494?
398
What is the greatest common factor of 5104177 and 13?
13
What is the greatest common factor of 15220 and 380?
20
Calculate the highest common divisor of 4110 and 420.
30
What is the greatest common divisor of 105056 and 144?
16
Calculate the highest common divisor of 71100 and 570.
30
What is the greatest common factor of 4320 and 18900?
540
Calculate the greatest common factor of 45 and 15215.
5
Calculate the greatest common factor of 177270 and 456.
114
What is the greatest common divisor of 1815 and 495?
165
What is the highest common factor of 159644 and 856?
428
What is the highest common divisor of 17295 and 15?
15
What is the greatest common divisor of 2303 and 28200?
47
Calculate the highest common divisor of 4 and 35036.
4
Calculate the greatest common factor of 153 and 63216.
9
Calculate the highest common divisor of 14 and 2165002.
14
Calculate the highest common divisor of 449127 and 42.
21
Calculate the highest common factor of 10824 and 352.
88
Calculate the greatest common divisor of 4459 and 15533.
49
What is the highest common divisor of 5940 and 14058?
198
What is the highest common divisor of 1060 and 570386?
106
What is the highest common divisor of 917 and 68644?
131
Calculate the highest common divisor of 965 and 903433.
193
What is the greatest common factor of 2340 and 147264?
156
What is the greatest common factor of 315516 and 12?
12
What is the highest common divisor of 416 and 613600?
416
What is the greatest common divisor of 6955 and 1712?
107
Calculate the greatest common divisor of 1152 and 15144.
24
Calculate the highest common factor of 39153 and 9858.
93
Calculate the greatest common factor of 5159682 and 396.
198
What is the greatest common factor of 344 and 50009?
43
What is the greatest common divisor of 18428 and 17344?
1084
What is the greatest common factor of 77116 and 20?
4
What is the greatest common factor of 1344 and 389616?
48
What is the highest common divisor of 116 and 2545678?
58
What is the highest common divisor of 16 and 406?
2
Calculate the highest common divisor of 4 and 84748.
4
Calculate the highest common divisor of 670 and 652915.
335
What is the greatest common divisor of 4 and 289?
1
What is the highest common factor of 504424 and 204?
68
What is the greatest common factor of 2915892 and 6384?
1596
Calculate the greatest common divisor of 271 and 205960.
271
What is the greatest common divisor of 1947736 and 112?
56
Calculate the greatest common divisor of 1912 and 27007.
239
What is the highest common factor of 22022 and 8099?
91
Calculate the greatest common divisor of 67 and 49.
1
Calculate the greatest common factor of 1447472 and 32.
16
What is the highest common divisor of 7758 and 97406?
862
What is the highest common factor of 86562 and 594?
54
What is the highest common factor of 1081496 and 16?
8
Calculate the highest common divisor of 341202 and 26353.
1387
Calculate the highest common divisor of 291 and 4882689.
291
What is the greatest common divisor of 19470 and 22